 and 132154806?
5838
What is the highest common factor of 25072 and 7328?
16
Calculate the highest common factor of 11556 and 2133152.
428
What is the highest common factor of 116428980 and 480?
60
What is the greatest common divisor of 1895 and 256565945?
1895
Calculate the highest common factor of 63811068 and 1608.
804
What is the greatest common divisor of 557662 and 17234?
14
What is the highest common factor of 174145336 and 304?
152
What is the highest common divisor of 46 and 233853?
1
What is the highest common factor of 109 and 2728423363?
109
Calculate the highest common factor of 27381 and 16233.
3
What is the highest common divisor of 28746873 and 783?
27
What is the highest common factor of 56064358 and 14?
14
What is the greatest common divisor of 343869 and 143922?
249
Calculate the greatest common divisor of 27353194 and 10918.
106
Calculate the highest common divisor of 378 and 24202017.
189
Calculate the greatest common factor of 388861917 and 82.
41
Calculate the greatest common divisor of 297904 and 1712.
16
Calculate the greatest common divisor of 62794647 and 153.
9
Calculate the greatest common divisor of 70 and 42837606.
14
Calculate the greatest common divisor of 96384 and 33216.
192
Calculate the greatest common divisor of 1269 and 19819759.
47
What is the highest common divisor of 18180 and 268569100?
2020
Calculate the greatest common factor of 338335 and 2221805.
2155
What is the highest common factor of 512000 and 201728?
1024
What is the highest common divisor of 2737 and 4030957?
161
Calculate the highest common divisor of 229211 and 6069.
17
Calculate the greatest common divisor of 6597545 and 5.
5
Calculate the highest common factor of 178885916 and 3212.
3212
Calculate the greatest common divisor of 2491 and 25709.
47
What is the highest common divisor of 4482900 and 9?
9
What is the greatest common divisor of 40695543 and 2751?
2751
Calculate the highest common factor of 441 and 119099967.
21
Calculate the highest common factor of 5 and 87082055.
5
What is the highest common factor of 5812181 and 301?
43
What is the highest common factor of 108 and 302394276?
108
What is the greatest common divisor of 6645 and 18302545?
2215
What is the greatest common divisor of 1497 and 1741419681?
1497
What is the highest common factor of 248729 and 229437?
689
Calculate the greatest common factor of 26922998 and 302.
302
What is the highest common divisor of 122830 and 1690210?
1730
Calculate the greatest common factor of 63217 and 199276.
77
What is the greatest common factor of 3776 and 3549824?
64
Calculate the highest common factor of 843282 and 234.
18
Calculate the highest common divisor of 2247825006 and 276.
138
Calculate the greatest common factor of 63464071 and 451.
11
What is the highest common divisor of 10643394 and 1258?
34
What is the highest common factor of 6106746 and 4294?
226
What is the highest common factor of 5762 and 1670712?
134
Calculate the greatest common divisor of 43913704 and 5316.
1772
Calculate the greatest common divisor of 1000986 and 27.
3
Calculate the highest common divisor of 943 and 5429012.
23
What is the highest common divisor of 5300 and 381706?
106
Calculate the highest common factor of 5460 and 1148602.
182
Calculate the highest common divisor of 6 and 208259175.
3
What is the highest common factor of 14873428 and 209?
19
Calculate the greatest common divisor of 7398 and 44086326.
822
Calculate the greatest common factor of 103840408 and 16.
8
Calculate the greatest common factor of 339512025 and 150.
75
Calculate the greatest common factor of 242599809 and 323.
323
What is the greatest common factor of 160860 and 14594215?
1915
What is the highest common divisor of 426 and 253692798?
426
Calculate the highest common factor of 446413 and 1397.
11
What is the greatest common divisor of 100728421 and 1693?
1693
Calculate the highest common divisor of 1739 and 21198410.
1739
Calculate the greatest common factor of 1430212 and 10584.
196
Calculate the highest common factor of 11241432 and 2088.
72
Calculate the highest common divisor of 77207735 and 5.
5
Calculate the greatest common factor of 35 and 39629394.
7
Calculate the greatest common divisor of 1207160 and 189864.
2344
Calculate the greatest common divisor of 520496 and 13112.
8
What is the greatest common factor of 1097536 and 29621?
1559
What is the highest common divisor of 1696 and 74949314?
106
Calculate the greatest common divisor of 88286121 and 4347.
1449
Calculate the highest common factor of 197343 and 1593.
27
Calculate the highest common divisor of 1938114 and 2546.
38
What is the greatest common divisor of 935632 and 17184?
16
What is the greatest common factor of 4376064 and 146816?
4736
What is the highest common divisor of 5997 and 1030698393?
5997
What is the greatest common factor of 1373742 and 27877?
457
What is the greatest common divisor of 13265 and 2651105?
1895
What is the greatest common divisor of 1547 and 1010373?
91
Calculate the greatest common factor of 642517 and 1.
1
What is the greatest common divisor of 3650010 and 47285?
245
Calculate the greatest common divisor of 366875784 and 1782.
594
What is the highest common divisor of 6885 and 1272510?
405
Calculate the greatest common factor of 132600 and 453900.
5100
Calculate the greatest common factor of 69958966 and 6985.
1397
Calculate the greatest common factor of 24429606 and 6.
6
Calculate the highest common divisor of 3816 and 285264.
72
Calculate the highest common factor of 177716153 and 692.
173
Calculate the highest common divisor of 80 and 6116070.
10
What is the greatest common factor of 128409369 and 9096?
1137
What is the highest common divisor of 238 and 3560174289?
119
What is the greatest common divisor of 70 and 194114200?
70
What is the greatest common divisor of 58 and 8961939020?
58
Calculate the greatest common factor of 158886625 and 155.
155
Calculate the highest common divisor of 6637580 and 26860.
1580
What is the highest common factor of 1659844 and 4618076?
4756
What is the highest common divisor of 26386 and 2462582?
334
What is the greatest common divisor of 35234 and 81395?
223
Calculate the highest common factor of 5027 and 436001764.
5027
Calculate the greatest common divisor of 46100 and 1676.
4
What is the highest common factor of 7 and 198954?
7
Calculate the highest common factor of 26387294 and 602.
86
Calculate the greatest common divisor of 1074 and 359876278.
358
What is the greatest common divisor of 22316412 and 12084?
228
What is the highest common divisor of 546 and 267472842?
546
Calculate the greatest common divisor of 6883800 and 42630.
210
Calculate the highest common factor of 326 and 179520702.
326
What is the highest common factor of 13511155 and 332?
83
Calculate the highest common factor of 90448551 and 1377.
153
Calculate the greatest common divisor of 35999731 and 73.
73
Calculate the greatest common factor of 5 and 648953.
1
Calculate the greatest common divisor of 1552526 and 68015.
223
Calculate the highest common factor of 4754218 and 49224.
4102
What is the highest common factor of 4210 and 15830?
10
What is the greatest common factor of 12 and 85811204?
4
Calculate the highest common divisor of 53921380 and 20.
20
What is the highest common divisor of 12990 and 205602?
6
Calculate the greatest common divisor of 22989504 and 576.
192
Calculate the highest common divisor of 2325 and 104226030.
465
Calculate the greatest common factor of 1359 and 2517002541.
1359
Calculate the greatest common divisor of 10240 and 209520.
80
What is the highest common divisor of 1977438 and 1206?
402
Calculate the highest common divisor of 71728903 and 41588.
10397
Calculate the highest common factor of 162 and 12373902.
18
What is the greatest common divisor of 5002546 and 322?
46
What is the greatest common factor of 96 and 150978?
6
Calculate the greatest common divisor of 98176 and 39364.
52
What is the highest common divisor of 66717 and 2227077?
3177
Calculate the greatest common divisor of 634766 and 1826.
22
What is the highest common divisor of 7 and 148695729?
7
Calculate the highest common divisor of 2497924 and 286.
286
What is the greatest common factor of 140 and 8041810?
70
What i